{"id":389,"date":"2025-01-10T15:26:41","date_gmt":"2025-01-10T15:26:41","guid":{"rendered":"http:\/\/mg2isarl.com\/?page_id=389"},"modified":"2025-01-10T16:19:24","modified_gmt":"2025-01-10T16:19:24","slug":"gestion-locative-et-du-syndic","status":"publish","type":"page","link":"http:\/\/mg2isarl.com\/index.php\/gestion-locative-et-du-syndic\/","title":{"rendered":"Gestion Locative et du Syndic"},"content":{"rendered":"\t\t<div data-elementor-type=\"wp-page\" data-elementor-id=\"389\" class=\"elementor elementor-389\" data-elementor-settings=\"{&quot;ha_cmc_init_switcher&quot;:&quot;no&quot;}\">\n\t\t\t\t\t\t<section class=\"elementor-section elementor-top-section elementor-element elementor-element-1b8a1c53 elementor-section-boxed elementor-section-height-default elementor-section-height-default\" data-id=\"1b8a1c53\" data-element_type=\"section\" data-settings=\"{&quot;background_background&quot;:&quot;classic&quot;,&quot;_ha_eqh_enable&quot;:false}\">\n\t\t\t\t\t\t\t<div class=\"elementor-background-overlay\"><\/div>\n\t\t\t\t\t\t\t<div class=\"elementor-container elementor-column-gap-default\">\n\t\t\t\t\t<div class=\"elementor-column elementor-col-100 elementor-top-column elementor-element elementor-element-796fb683\" data-id=\"796fb683\" data-element_type=\"column\">\n\t\t\t<div class=\"elementor-widget-wrap elementor-element-populated\">\n\t\t\t\t\t\t<section class=\"elementor-section elementor-inner-section elementor-element elementor-element-1e2c6bd7 elementor-section-content-bottom elementor-section-boxed elementor-section-height-default elementor-section-height-default\" data-id=\"1e2c6bd7\" data-element_type=\"section\" data-settings=\"{&quot;_ha_eqh_enable&quot;:false}\">\n\t\t\t\t\t\t<div class=\"elementor-container elementor-column-gap-default\">\n\t\t\t\t\t<div class=\"elementor-column elementor-col-50 elementor-inner-column elementor-element elementor-element-1ec77d1d\" data-id=\"1ec77d1d\" data-element_type=\"column\">\n\t\t\t<div class=\"elementor-widget-wrap elementor-element-populated\">\n\t\t\t\t\t\t<div class=\"elementor-element elementor-element-305aac04 elementor-invisible elementor-widget elementor-widget-elementskit-heading\" data-id=\"305aac04\" data-element_type=\"widget\" data-settings=\"{&quot;_animation&quot;:&quot;slideInRight&quot;}\" data-widget_type=\"elementskit-heading.default\">\n\t\t\t\t<div class=\"elementor-widget-container\">\n\t\t\t\t\t<div class=\"ekit-wid-con\" ><div class=\"ekit-heading elementskit-section-title-wraper text_left   ekit_heading_tablet-   ekit_heading_mobile-text_center\"><div class=\"ekit-heading--title elementskit-section-title \">Gestion Locative et du Syndic<\/div><div class=\"ekit_heading_separetor_wraper ekit_heading_elementskit-border-divider elementskit-style-long\"><div class=\"elementskit-border-divider elementskit-style-long\"><\/div><\/div><\/div><\/div>\t\t\t\t<\/div>\n\t\t\t\t<\/div>\n\t\t\t\t\t<\/div>\n\t\t<\/div>\n\t\t\t\t<div class=\"elementor-column elementor-col-50 elementor-inner-column elementor-element elementor-element-6a60722f\" data-id=\"6a60722f\" data-element_type=\"column\">\n\t\t\t<div class=\"elementor-widget-wrap elementor-element-populated\">\n\t\t\t\t\t\t<div class=\"elementor-element elementor-element-19c96010 elementor-icon-list--layout-inline elementor-align-right elementor-mobile-align-center elementor-list-item-link-full_width elementor-invisible elementor-widget elementor-widget-icon-list\" data-id=\"19c96010\" data-element_type=\"widget\" data-settings=\"{&quot;_animation&quot;:&quot;slideInLeft&quot;}\" data-widget_type=\"icon-list.default\">\n\t\t\t\t<div class=\"elementor-widget-container\">\n\t\t\t\t\t\t\t<ul class=\"elementor-icon-list-items elementor-inline-items\">\n\t\t\t\t\t\t\t<li class=\"elementor-icon-list-item elementor-inline-item\">\n\t\t\t\t\t\t\t\t\t\t\t<a href=\"http:\/\/mg2isarl.com\/\">\n\n\t\t\t\t\t\t\t\t\t\t\t<span class=\"elementor-icon-list-text\">Accueil<\/span>\n\t\t\t\t\t\t\t\t\t\t\t<\/a>\n\t\t\t\t\t\t\t\t\t<\/li>\n\t\t\t\t\t\t\t\t<li class=\"elementor-icon-list-item elementor-inline-item\">\n\t\t\t\t\t\t\t\t\t\t\t<a href=\"http:\/\/mg2isarl.com\/index.php\/gestion-locative-et-du-syndic\/\">\n\n\t\t\t\t\t\t\t\t\t\t\t\t<span class=\"elementor-icon-list-icon\">\n\t\t\t\t\t\t\t<svg aria-hidden=\"true\" class=\"e-font-icon-svg e-fas-chevron-right\" viewBox=\"0 0 320 512\" xmlns=\"http:\/\/www.w3.org\/2000\/svg\"><path d=\"M285.476 272.971L91.132 467.314c-9.373 9.373-24.569 9.373-33.941 0l-22.667-22.667c-9.357-9.357-9.375-24.522-.04-33.901L188.505 256 34.484 101.255c-9.335-9.379-9.317-24.544.04-33.901l22.667-22.667c9.373-9.373 24.569-9.373 33.941 0L285.475 239.03c9.373 9.372 9.373 24.568.001 33.941z\"><\/path><\/svg>\t\t\t\t\t\t<\/span>\n\t\t\t\t\t\t\t\t\t\t<span class=\"elementor-icon-list-text\">Gestion Locative et du Syndic<\/span>\n\t\t\t\t\t\t\t\t\t\t\t<\/a>\n\t\t\t\t\t\t\t\t\t<\/li>\n\t\t\t\t\t\t<\/ul>\n\t\t\t\t\t\t<\/div>\n\t\t\t\t<\/div>\n\t\t\t\t\t<\/div>\n\t\t<\/div>\n\t\t\t\t\t<\/div>\n\t\t<\/section>\n\t\t\t\t\t<\/div>\n\t\t<\/div>\n\t\t\t\t\t<\/div>\n\t\t<\/section>\n\t\t\t\t<section class=\"elementor-section elementor-top-section elementor-element elementor-element-37d647f3 elementor-section-boxed elementor-section-height-default elementor-section-height-default\" data-id=\"37d647f3\" data-element_type=\"section\" data-settings=\"{&quot;_ha_eqh_enable&quot;:false}\">\n\t\t\t\t\t\t<div class=\"elementor-container elementor-column-gap-default\">\n\t\t\t\t\t<div class=\"elementor-column elementor-col-50 elementor-top-column elementor-element elementor-element-49d0f5a0\" data-id=\"49d0f5a0\" data-element_type=\"column\">\n\t\t\t<div class=\"elementor-widget-wrap elementor-element-populated\">\n\t\t\t\t\t\t<section class=\"elementor-section elementor-inner-section elementor-element elementor-element-605825dd elementor-section-boxed elementor-section-height-default elementor-section-height-default\" data-id=\"605825dd\" data-element_type=\"section\" data-settings=\"{&quot;_ha_eqh_enable&quot;:false}\">\n\t\t\t\t\t\t<div class=\"elementor-container elementor-column-gap-default\">\n\t\t\t\t\t<div class=\"elementor-column elementor-col-100 elementor-inner-column elementor-element elementor-element-49dce97b\" data-id=\"49dce97b\" data-element_type=\"column\">\n\t\t\t<div class=\"elementor-widget-wrap elementor-element-populated\">\n\t\t\t\t\t\t<div class=\"elementor-element elementor-element-4f4fa86 elementor-invisible elementor-widget elementor-widget-image\" data-id=\"4f4fa86\" data-element_type=\"widget\" data-settings=\"{&quot;_animation&quot;:&quot;slideInLeft&quot;}\" data-widget_type=\"image.default\">\n\t\t\t\t<div class=\"elementor-widget-container\">\n\t\t\t\t\t\t\t\t\t\t\t\t\t\t\t<img fetchpriority=\"high\" decoding=\"async\" width=\"1080\" height=\"716\" src=\"http:\/\/mg2isarl.com\/wp-content\/uploads\/2025\/01\/the-roof-is-covered-with-bituminous-shingles-of-brown-color-quality-roofing.jpg\" class=\"attachment-full size-full wp-image-356\" alt=\"\" srcset=\"http:\/\/mg2isarl.com\/wp-content\/uploads\/2025\/01\/the-roof-is-covered-with-bituminous-shingles-of-brown-color-quality-roofing.jpg 1080w, http:\/\/mg2isarl.com\/wp-content\/uploads\/2025\/01\/the-roof-is-covered-with-bituminous-shingles-of-brown-color-quality-roofing-300x199.jpg 300w, http:\/\/mg2isarl.com\/wp-content\/uploads\/2025\/01\/the-roof-is-covered-with-bituminous-shingles-of-brown-color-quality-roofing-1024x679.jpg 1024w, http:\/\/mg2isarl.com\/wp-content\/uploads\/2025\/01\/the-roof-is-covered-with-bituminous-shingles-of-brown-color-quality-roofing-768x509.jpg 768w\" sizes=\"(max-width: 1080px) 100vw, 1080px\" \/>\t\t\t\t\t\t\t\t\t\t\t\t\t\t\t<\/div>\n\t\t\t\t<\/div>\n\t\t\t\t\t<\/div>\n\t\t<\/div>\n\t\t\t\t\t<\/div>\n\t\t<\/section>\n\t\t\t\t\t<\/div>\n\t\t<\/div>\n\t\t\t\t<div class=\"elementor-column elementor-col-50 elementor-top-column elementor-element elementor-element-ef65dba\" data-id=\"ef65dba\" data-element_type=\"column\">\n\t\t\t<div class=\"elementor-widget-wrap elementor-element-populated\">\n\t\t\t\t\t\t<div class=\"elementor-element elementor-element-5131b7e elementor-widget__width-initial elementor-widget elementor-widget-text-editor\" data-id=\"5131b7e\" data-element_type=\"widget\" data-widget_type=\"text-editor.default\">\n\t\t\t\t<div class=\"elementor-widget-container\">\n\t\t\t\t\t\t\t\t\t<p>\u00a0<span class=\"fontstyle0\">Plusieurs propri\u00e9taires nous font confiance pour une gestion transparente et efficiente de leur bien immobilier. <\/span><span class=\"fontstyle0\"><strong>Gestion locative : Vos soucis deviennent les n\u00f4tres<\/strong> .<\/span><span class=\"fontstyle0\">Une fois que nous aurons en charge la gestion immobili\u00e8re de votre ou de vos biens, nous aurons pour t\u00e2ches selon le contrat qui nous liera de :<\/span><\/p><ul><li><span class=\"fontstyle0\">Mettre en place les publicit\u00e9s n\u00e9cessaires \u00e0 la location<\/span><\/li><li><span class=\"fontstyle0\">Trouver des locataires s\u00e9rieux et \u00e9tablir avec eux des contrats<\/span><\/li><li><span class=\"fontstyle0\">Effectuer \u00e9ventuellement une r\u00e9fection des lieux et mettre en place les <\/span><span class=\"fontstyle0\">locataires<\/span><\/li><li><span class=\"fontstyle0\">Faire respecter les r\u00e8glements des locaux<\/span><\/li><li><span class=\"fontstyle0\">Assurer l\u2019envoi des \u00e9ch\u00e9ances de paiement et la perception des loyers \u00e0 <\/span><span class=\"fontstyle0\">temps avant de r\u00e9tribuer le propri\u00e9taire<\/span><\/li><li><span class=\"fontstyle0\">Remonter des informations utiles aux locataires<\/span><\/li><li><span class=\"fontstyle0\">Visiter annuellement les locaux<\/span><\/li><li><span class=\"fontstyle0\">G\u00e9rer \u00e9ventuellement les impay\u00e9s<\/span> <\/li><li><span class=\"fontstyle0\">Coordonner au besoin le r\u00e8glement des litiges<\/span><\/li><\/ul><p><span class=\"fontstyle0\">Au bout du compte, les charges sont \u00e0 nous, la tranquillit\u00e9 et les profits sont \u00e0 vous!<\/span> <\/p>\t\t\t\t\t\t\t\t<\/div>\n\t\t\t\t<\/div>\n\t\t\t\t\t<\/div>\n\t\t<\/div>\n\t\t\t\t\t<\/div>\n\t\t<\/section>\n\t\t\t\t<\/div>\n\t\t","protected":false},"excerpt":{"rendered":"<p>Gestion Locative et du Syndic Accueil Gestion Locative et du Syndic \u00a0Plusieurs propri\u00e9taires nous font confiance pour une gestion transparente et efficiente de leur bien immobilier. Gestion locative : Vos soucis deviennent les n\u00f4tres .Une fois que nous aurons en charge la gestion immobili\u00e8re de votre ou de vos biens, nous aurons pour t\u00e2ches selon [&hellip;]<\/p>\n","protected":false},"author":1,"featured_media":0,"parent":0,"menu_order":0,"comment_status":"closed","ping_status":"closed","template":"elementor_header_footer","meta":{"footnotes":""},"class_list":["post-389","page","type-page","status-publish","hentry"],"blocksy_meta":[],"_links":{"self":[{"href":"http:\/\/mg2isarl.com\/index.php\/wp-json\/wp\/v2\/pages\/389","targetHints":{"allow":["GET"]}}],"collection":[{"href":"http:\/\/mg2isarl.com\/index.php\/wp-json\/wp\/v2\/pages"}],"about":[{"href":"http:\/\/mg2isarl.com\/index.php\/wp-json\/wp\/v2\/types\/page"}],"author":[{"embeddable":true,"href":"http:\/\/mg2isarl.com\/index.php\/wp-json\/wp\/v2\/users\/1"}],"replies":[{"embeddable":true,"href":"http:\/\/mg2isarl.com\/index.php\/wp-json\/wp\/v2\/comments?post=389"}],"version-history":[{"count":13,"href":"http:\/\/mg2isarl.com\/index.php\/wp-json\/wp\/v2\/pages\/389\/revisions"}],"predecessor-version":[{"id":432,"href":"http:\/\/mg2isarl.com\/index.php\/wp-json\/wp\/v2\/pages\/389\/revisions\/432"}],"wp:attachment":[{"href":"http:\/\/mg2isarl.com\/index.php\/wp-json\/wp\/v2\/media?parent=389"}],"curies":[{"name":"wp","href":"https:\/\/api.w.org\/{rel}","templated":true}]}}